18
Let n(a) = a - 17. What is n(12)?
-5
Let o(b) = b**2 - 9*b + 22. What is o(0)?
22
Let a(j) = j**2 - 10*j + 12. Determine a(8).
-4
Let u(c) = c**2 - 15*c + 4. Calculate u(15).
4
Let b(c) = -3*c**2 + 15*c - 2. Determine b(4).
10
Let v(m) = 3*m**2 + m. Give v(-1).
2
Let t(c) = c**3 - 6*c**2 + c - 22. Give t(7).
34
Let v(m) = m**2 - 17*m + 37. What is v(14)?
-5
Let z(p) = p**2 - 10*p + 6. Determine z(5).
-19
Let x(u) = -u**3 + 4*u**2 + 5. Determine x(4).
5
Let b(u) = u**2 - 4*u + 5. Calculate b(6).
17
Let h(l) = l**3 - 7*l**2 - 22*l - 4. What is h(10)?
76
Let n(z) = 4*z**2 + 22*z - 14. Give n(-6).
-2
Let r(v) = -v**2 + 4*v - 5. What is r(6)?
-17
Let p(d) = 35*d**3 - 4*d**2 - 5*d - 1. Give p(-1).
-35
Let k(s) = -s**3 - 4*s**2 + 5*s - 34. Determine k(-6).
8
Let s(a) = 16*a - 11. Calculate s(3).
37
Let p(j) = -j**2 + 12*j - 21. Give p(10).
-1
Let c(l) = l**2 - 12*l + 9. Give c(8).
-23
Let g(i) = -i**3 + 9*i**2 + i - 12. Give g(9).
-3
Let f(p) = -p**2 - 7*p + 6. What is f(4)?
-38
Let p(c) = -4*c**2 + 14*c - 35. Determine p(6).
-95
Let q(x) = -5*x + 21. Give q(5).
-4
Let a(f) = -4*f**3 + 16*f**2 + 7*f - 5. Determine a(4).
23
Let n(y) = y**2 - 17*y - 17. What is n(15)?
-47
Let a(p) = p**3 + 6*p**2 + 5*p - 4. Give a(-5).
-4
Let n(r) = -r + 65. Determine n(-11).
76
Let k(u) = -u + 16. Give k(-9).
25
Let v(z) = -z**3 - 20*z**2 + 39*z - 68. Determine v(-22).
42
Let y(o) = 50*o**2 + 2*o - 2. What is y(1)?
50
Let k(b) = -b**2 + b + 4. Determine k(3).
-2
Let f(d) = d**2 - 11*d + 5. Calculate f(8).
-19
Let d(u) = -u**2 + 3*u + 2. What is d(5)?
-8
Let j(w) = 2*w**2 + 37*w + 173. Calculate j(-10).
3
Let m(a) = -a**3 + 13*a**2 - 42*a + 12. Determine m(8).
-4
Let u(f) = 2*f**2 + 19*f + 43. Determine u(-4).
-1
Let t(n) = -6*n + 26. What is t(-8)?
74
Let i(q) = 4*q - 7. Determine i(5).
13
Let j(y) = -17*y**2 - 8*y - 18. Calculate j(-3).
-147
Let s(q) = 154*q + 1234. Give s(-8).
2
Let n(q) = q**3 + q**2 + q - 180. What is n(0)?
-180
Let c(g) = g**2 - 15*g + 10. What is c(13)?
-16
Let c(k) = 8*k**2 - 3*k - 16. Give c(-3).
65
Let f(h) = -16*h - 3. Calculate f(-6).
93
Let c(r) = -r**3 - 5*r**2 - 5*r - 13. What is c(-4)?
-9
Let g(y) = y**3 + 52. Determine g(0).
52
Let z(f) = -f**2 + 5*f - 1. What is z(7)?
-15
Let j(s) = s**3 - 2*s**2 + 4*s. Determine j(3).
21
Let k(l) = l**2 + 4*l - 25. What is k(-8)?
7
Let z(g) = g**2 + 36*g - 213. Calculate z(-41).
-8
Let j(i) = i**3 + 9*i**2 - 11*i - 15. Give j(-10).
-5
Let v(f) = -f**3 + 11*f**2 + 13*f + 16. Calculate v(12).
28
Let j(y) = 9*y + 42. Give j(-5).
-3
Let w(r) = 8*r - 8. Calculate w(5).
32
Let x(f) = -17*f + 2. What is x(2)?
-32
Let l(r) = r - 1. Calculate l(0).
-1
Let h(c) = -2*c**2 - 14*c - 1. Determine h(-7).
-1
Let c(q) = -q**2 + 10*q + 6. What is c(5)?
31
Let n(s) = 2*s - 16. Calculate n(7).
-2
Let b(z) = 17*z**3 - 2*z**2 + z - 4. What is b(2)?
126
Let p(s) = s**3 - 9*s**2 - 15*s + 59. Give p(10).
9
Let x(g) = g**2 - 9*g + 2. Give x(6).
-16
Let g(f) = f**2 - 37*f - 314. Determine g(-7).
-6
Let y(m) = m**3 + 9*m**2 + 4*m - 12. Give y(-9).
-48
Let p(v) = v**2 - 5*v - 19. What is p(6)?
-13
Let i(x) = -x**3 + 3*x**2 + 5*x - 8. Determine i(4).
-4
Let q(u) = u**3 + 17*u**2 + u + 16. Calculate q(-17).
-1
Let q(a) = 4*a + 16. Give q(-4).
0
Let b(d) = 6*d + 60. Give b(-9).
6
Let h(j) = -j - 36. What is h(-7)?
-29
Let z(i) = 33*i + 326. Calculate z(-10).
-4
Let f(y) = y**2 + 3*y - 1. Calculate f(-4).
3
Let k(i) = -7*i**2 + 22*i - 9. Calculate k(6).
-129
Let v(c) = 2*c**3 - 3*c**2 - 4*c - 3. What is v(-2)?
-23
Let f(i) = i**2 - 36*i + 90. Determine f(33).
-9
Let p(k) = -k**2 - 2*k - 2. Calculate p(-3).
-5
Let q(s) = -s**2 - 12*s - 2. Determine q(-13).
-15
Let s(h) = -h**2 - 6*h + 7. What is s(-5)?
12
Let a(x) = x**2 + 33*x + 128. Determine a(-29).
12
Let g(v) = -v**3 + 22*v**2 - 21*v - 27. Calculate g(21).
-27
Let x(z) = -2*z**3 + 23*z**2 + 9*z + 37. What is x(12)?
1
Let a(o) = o**2 + 10*o - 22. What is a(2)?
2
Let k(w) = -w**3 + 59*w**2 - 55*w - 198. Calculate k(58).
-24
Let k(d) = d**2 + 13*d - 15. What is k(-16)?
33
Let t(y) = 2*y + 83. Give t(-37).
9
Let v(r) = -5*r**3 - 2*r**2 - 2*r - 1. Give v(-1).
4
Let z(d) = -6*d - 6. What is z(6)?
-42
Let a(g) = -g**3 + 10*g**2 - 6*g - 11. Determine a(9).
16
Let x(w) = -6*w + 187. Calculate x(30).
7
Let o(n) = n**2 + 11*n - 11. Give o(-8).
-35
Let j(b) = 33*b**2 + 1. Determine j(1).
34
Let t(m) = m**3 - 3*m**2 + 18*m - 87. Give t(4).
1
Let l(t) = -7*t - 195. What is l(-28)?
1
Let t(r) = r**3 - 12*r**2 - 22*r + 45. Determine t(13).
-72
Let h(b) = 2*b + 26. Give h(-15).
-4
Let d(c) = -17*c**2 + 24*c + 70. Calculate d(-3).
-155
Let c(h) = -h**3 + 8*h**2 + 6*h + 21. Determine c(9).
-6
Let x(g) = 3*g + 8. Determine x(-6).
-10
Let u(s) = 2*s**3 - 14*s**2 - 4*s + 9. Give u(7).
-19
Let w(v) = v**2 + 17*v + 7. Give w(-16).
-9
Let j(w) = -w**3 + 12*w**2 - 9*w - 2. Calculate j(11).
20
Let u(f) = 4*f - 52. Give u(12).
-4
Let u(g) = -g**3 + 26*g**2 - 5*g + 22. Determine u(26).
-108
Let l(w) = -w**3 - 9*w**2 - 17*w - 155. Determine l(-9).
-2
Let z(u) = -u**3 - 33*u**2 + 33*u - 54. Calculate z(-34).
-20
Let q(v) = v - 1. Give q(5).
4
Let l(y) = -y**3 + 8*y**2 - 11*y + 14. Determine l(6).
20
Let v(a) = -13*a - 69. What is v(-6)?
9
Let b(v) = 3*v**2 + 9*v + 12. Calculate b(-2).
6
Let v(d) = -2*d**2 - 6*d - 7. Give v(-6).
-43
Let u(x) = -x**2 + 30*x - 153. Give u(24).
-9
Let a(o) = -o**2 - 6*o + 5. Give a(-6).
5
Let m(w) = 4*w**3 - 7*w**2 - 9*w - 10. Give m(4).
98
Let c(k) = -k**2 + 6*k - 2. Calculate c(7).
-9
Let g(n) = n**2 + 10*n + 8. Give g(-11).
19
Let o(y) = -y**3 - 9*y**2 + 12*y + 6. Calculate o(-10).
-14
Let x(m) = m**2 + 15*m - 4. Calculate x(-18).
50
Let w(o) = 6*o + 185. Determine w(-38).
-43
Let k(b) = -b**2 - 9. Calculate k(5).
-34
Let i(l) = -l**2 - 18*l - 71. Determine i(-6).
1
Let a(g) = -8*g + 2. Give a(5).
-38
Let z(x) = -x**3 + 6*x**2 + 3*x - 11. Determine z(6).
7
Let x(s) = s - 23. Determine x(20).
-3
Let k(z) = 5*z**2 - 4*z + 4. Determine k(2).
16
Let f(u) = -3*u**2 - 3*u - 3. Calculate f(-2).
-9
Let t(d) = d**2 - 5*d - 32. Determine t(8).
-8
Let j(v) = -27*v + 5. What is j(4)?
-103
Let c(i) = 16*i + 89. Give c(-6).
-7
Let a(r) = -5*r + 5. Determine a(-12).
65
Let r(w) = -10*w + 32. Calculate r(4).
-8
Let p(v) = v**3 - 4*v + 22. Calculate p(-5).
-83
Let i(j) = 24*j - 509. Calculate i(21).
-5
Let z(f) = -2*f**2 - 10*f + 25. Determine z(2).
-3
Let i(l) = -4*l**2 + 21*l + 13. What is i(6)?
-5
Let i(f) = -f**2 - 17*f - 35. Determine i(-14).
7
Let r(l) = 2*l + 60. Calculate r(6).
72
Let z(f) = 5*f**2 - f + 11. What is z(-3)?
59
Let v(r) = r**3 - 6*r**2 - 2*r - 6. Calculate v(6).
-18
Let d(a) = 13*a**2 + 183*a + 21. Calculate d(-14).
7
Let i(t) = -t - 19. Give i(-16).
-3
Let s(o) = o**3 - 7*o**2 + 8*o - 12. Calculate s(6).
0
Let s(i) = -16*i - 17. Give s(-2).
15
Let r(q) = -q**2 - 6*q - 32. Give r(-6).
-32
Let f(q) = 7*q + 21. Give f(-5).
-14
Let j(s) = 14*s + 10. Calculate j(5).
80
Let c(q) = q**3 + 5*q**2 + q + 3. Give c(-5).
-2
Let v(o) = o**2 + 17*o + 47. Determine v(-14).
5
Let i(u) = u**3 - 12*u**2 + 10*u + 22. Give i(11).
11
Let z(i) = -i**2 + 8*i - 8. Give z(5).
7
Let y(z) = -z**3 - 11*z**2 + 58*z + 216. Give y(-14).
-8
Let n(y) = y**3 + 10*y**2 + 11*y + 25. Give n(-9).
7
Let z(r) = -4*r**2 + 86*r + 147. Determine z(23).
9
Let z(m) = 11*m + 140. Calculate z(-13).
-3
Let l(k) = -k**2 - 27*k + 134. What is l(-31)?
10
Let g(f) = -f**3 - 11*f**2 - 17*f - 6. Calculate g(-9).
-15
Let r(m) = -m**2 - 9*m. What is r(-10)?
-10
Let s(f) = 260*f - 3127. Determine s(12).
-7
Let z(g) = g**2 + 6*g + 4. What is z(-4)?
-4
Let f(n) = -n**3 - 5*n**2 + 7*n + 8. Give f(-6).
2
Let w(u) = 17*u - 46. Give w(5).
39
Let a(y) = -y**3 - 5*y**2 - 2*y + 5. Determine a(-3).
-7
Let b(m) = m - 3. What is b(8)?
5
Let r(l) = 4*l**2 - 28*l - 9. Determine r(7).
-9
Let f(h) = h**3 - 12*h**2 + 9*h + 16. Determine f(11).
-6
Let m(l) = -l**2 - 32*l - 70. What is m(-29)?
17
Let y(z) = -z**3 + 9*z**2 - 11*z - 16. What is y(7)?
5
Let s(b) = -b**3 - 8*b**2 - 12*b - 34. Determine s(-7).
1
Let l(j) = -j**3 + j**2 - 2*j - 2. Give l(3).
-26
Let s(r) = -r - 4. What is s(-11)?
7
Let r(l) = -2*l**3 - 9*l**2 + 9*l + 8. What is r(-6)?
62
Let j(n) = 4*n**2 - 106*n + 56. What is j(26)?
4
Let j(k) = k + 2. Determine j(17).
19
Le